3.
10
Calculate the remainder when 307541 is divided by 7304.
773
Calculate the remainder when 14629 is divided by 3222.
1741
Calculate the remainder when 25817865 is divided by 117.
60
What is the remainder when 33285845 is divided by 205?
200
Calculate the remainder when 695032 is divided by 179.
154
What is the remainder when 1328893 is divided by 663761?
1371
What is the remainder when 1069533 is divided by 3311?
80
What is the remainder when 92886201 is divided by 1688840?
1
Calculate the remainder when 134189 is divided by 2315.
2234
Calculate the remainder when 3291679 is divided by 4842.
3961
Calculate the remainder when 4577022 is divided by 231.
219
What is the remainder when 115736 is divided by 1167?
203
Calculate the remainder when 332153 is divided by 30175.
228
Calculate the remainder when 23337423 is divided by 2917177.
7
What is the remainder when 25725956 is divided by 920?
916
What is the remainder when 53353 is divided by 5895?
298
Calculate the remainder when 19572500 is divided by 611640.
20
What is the remainder when 94535285 is divided by 413?
411
Calculate the remainder when 177436 is divided by 1009.
861
Calculate the remainder when 361571 is divided by 71462.
4261
What is the remainder when 1289087 is divided by 161134?
15
Calculate the remainder when 157837 is divided by 14312.
405
What is the remainder when 108677 is divided by 6037?
11
Calculate the remainder when 121109 is divided by 3846.
1883
Calculate the remainder when 195067606 is divided by 2123.
2120
Calculate the remainder when 303325 is divided by 1228.
9
Calculate the remainder when 4124748 is divided by 26.
4
Calculate the remainder when 3971098 is divided by 350.
348
Calculate the remainder when 2432807838 is divided by 4478.
4476
Calculate the remainder when 455391 is divided by 14202.
927
Calculate the remainder when 44407687 is divided by 738.
13
What is the remainder when 9964501 is divided by 44?
41
Calculate the remainder when 2938340 is divided by 362.
348
What is the remainder when 168642213 is divided by 4381?
4380
What is the remainder when 448776 is divided by 1321?
957
Calculate the remainder when 1890281 is divided by 269919.
848
What is the remainder when 798430212 is divided by 89?
87
Calculate the remainder when 107858414 is divided by 17285.
14
What is the remainder when 185827 is divided by 56041?
17704
Calculate the remainder when 1249622 is divided by 687.
656
What is the remainder when 2202 is divided by 1033?
136
What is the remainder when 50581006 is divided by 25290500?
6
Calculate the remainder when 45907379 is divided by 10568.
10555
What is the remainder when 263741333 is divided by 155?
153
What is the remainder when 161858 is divided by 1116?
38
What is the remainder when 1373614 is divided by 457802?
208
What is the remainder when 394633 is divided by 82?
49
What is the remainder when 2960438 is divided by 657?
653
Calculate the remainder when 2992331 is divided by 727.
726
What is the remainder when 586355 is divided by 34?
25
What is the remainder when 16696 is divided by 173?
88
Calculate the remainder when 2058767 is divided by 8650.
67
What is the remainder when 70464 is divided by 8804?
32
Calculate the remainder when 1138844 is divided by 769.
724
Calculate the remainder when 248174 is divided by 82654.
212
What is the remainder when 86776627 is divided by 2233?
14
Calculate the remainder when 4516685 is divided by 787.
92
What is the remainder when 42178545 is divided by 2481090?
15
What is the remainder when 6281208 is divided by 495?
153
Calculate the remainder when 4712091 is divided by 278.
269
What is the remainder when 52610 is divided by 51775?
835
What is the remainder when 854387356 is divided by 94931928?
4
What is the remainder when 8234 is divided by 15?
14
Calculate the remainder when 5103910 is divided by 1473.
1438
What is the remainder when 137251 is divided by 235?
11
What is the remainder when 4784 is divided by 544?
432
Calculate the remainder when 594522 is divided by 29593.
2662
What is the remainder when 3499436 is divided by 823?
40
What is the remainder when 10284 is divided by 4283?
1718
Calculate the remainder when 2290596 is divided by 446.
386
Calculate the remainder when 47264 is divided by 23596.
72
What is the remainder when 671392 is divided by 671181?
211
What is the remainder when 3148919 is divided by 6?
5
Calculate the remainder when 4506518 is divided by 929.
868
What is the remainder when 13208277 is divided by 161?
159
Calculate the remainder when 13088083 is divided by 715.
8
Calculate the remainder when 126975 is divided by 1384.
1031
Calculate the remainder when 37091729 is divided by 26.
25
Calculate the remainder when 29519417 is divided by 388413.
29
Calculate the remainder when 194439 is divided by 2893.
608
Calculate the remainder when 353583 is divided by 612.
459
Calculate the remainder when 330626 is divided by 329535.
1091
Calculate the remainder when 426753 is divided by 886.
587
What is the remainder when 160836606 is divided by 635?
631
Calculate the remainder when 5599728 is divided by 280.
8
What is the remainder when 1560307 is divided by 311835?
1132
What is the remainder when 1669495229 is divided by 9063?
9062
What is the remainder when 55736 is divided by 5552?
216
What is the remainder when 4294634 is divided by 4299?
4232
Calculate the remainder when 159179 is divided by 4475.
2554
Calculate the remainder when 137564 is divided by 2293.
2277
Calculate the remainder when 390614 is divided by 4542.
2
What is the remainder when 2000415 is divided by 38?
19
What is the remainder when 6263955 is divided by 2100?
1755
Calculate the remainder when 8600785 is divided by 1075097.
9
What is the remainder when 626662 is divided by 313317?
28
What is the remainder when 857602 is divided by 554?
10
Calculate the remainder when 7360 is divided by 1639.
804
Calculate the remainder when 979447539 is divided by 186.
183
Calculate the remainder when 10619276 is divided by 1680.
1676
Calculate the remainder when 5469833 is divided by 15628.
33
Calculate the remainder when 8895 is divided by 8345.
550
What is the remainder when 1328693 is divided by 486?
455
What is the remainder when 457329118 is divided by 436?
434
What is the remainder when 19113 is divided by 1401?
900
Calculate the remainder when 29151 is divided by 1105.
421
What is the remainder when 26700003 is divided by 2919?
2829
Calculate the remainder when 3175973 is divided by 635190.
23
Calculate the remainder when 12155708 is divided by 179.
176
Calculate the remainder when 399517 is divided by 2646.
2617
Calculate the remainder when 1722622 is divided by 156592.
110
What is the remainder when 28665 is divided by 9345?
630
Calculate the remainder when 495050 is divided by 915.
35
What is the remainder when 1494757 is divided by 176?
165
Calculate the remainder when 10993699 is divided by 429.
145
What is the remainder when 193441374 is divided by 64480455?
9
What is the remainder when 99426148 is divided by 29?
25
Calculate the remainder when 416436 is divided by 3709.
1028
What is the remainder when 215376224 is divided by 71?
67
Calculate the remainder when 14716700 is divided by 30.
20
Calculate the remainder when 643889 is divided by 1480.
89
What is the remainder when 20106 is divided by 518?
422
What is the remainder when 180707414 is divided by 1571?
1568
Calculate the remainder when 128991729 is divided by 558.
543
Calculate the remainder when 2716892 is divided by 208.
204
What is the remainder when 205159 is divided by 1900?
1859
What is the remainder when 89249 is divided by 3093?
2645
What is the remainder when 148927 is divided by 14503?
3897
Calculate the remainder when 1974778 is divided by 20787.
13
What is the remainder when 9008953 is divided by 44?
41
What is the remainder when 235065 is divided by 2138?
2023
What is the remainder when 323553 is divided by 1997?
39
What is the remainder when 3753898 is divided by 44?
38
Calculate the remainder when 100654 is divided by 605.
224
Calculate the remainder when 86412726 is divided by 83.
15
What is the remainder when 348840 is divided by 348468?
372
What is the remainder when 77005 is divided by 2653?
68
Calculate the remainder when 2153